se 0 = 3*a + 5*i - 55, 5*a - 87 + 27 = -2*i. What is the greatest common factor of g and a?
10
Let k be (-2 - (0 - 2))/(-2). Suppose k = 5*o - 7*o - 80. Let d = -20 - o. What is the greatest common factor of d and 5?
5
Suppose -4*n + 3*n + 6 = 0. Let i = -653 - 67. Let d be (i/(-100))/(4/30). What is the greatest common factor of d and n?
6
Let s(u) = 77*u**2 - 2*u + 2. Let q be s(2). Suppose 3*x + 18 = -1659*c + 1664*c, 5*c = 5*x. Calculate the highest common divisor of c and q.
9
Let h be (375/(-7)*4/(-10))/((-1771)/(-12397)). Calculate the highest common factor of h and 2130.
30
Let x = 6561 + -2076. Calculate the greatest common divisor of 156 and x.
39
Suppose 4*s + 4*s + 25 = 121. What is the highest common factor of 4788 and s?
12
Let v(m) = -2*m**2 - m + 30. Let r be v(-4). Suppose 4*g + 2*z - 24 = 0, g = -2*z - 2*z - 1. Calculate the greatest common divisor of r and g.
1
Let a(g) be the second derivative of -g**5/20 + 5*g**4/12 - g**3/2 + 11*g**2/2 - 45*g. Let k be a(4). What is the highest common divisor of 195 and k?
15
Suppose 44*s - 28*s + 16560 = 24*s. Calculate the highest common divisor of 72 and s.
18
Suppose -77 + 77 = -11*y. Suppose -c + 33 = -y*c. What is the highest common divisor of c and 22?
11
Let s(n) = -2*n**3 - 231*n**2 + 1053*n - 24. Let h be s(-120). What is the greatest common divisor of h and 144?
48
Suppose -353 = -10*f - 33. Calculate the highest common factor of 1016 and f.
8
Let y = -1261 + 1274. Suppose -4*v = v - 455. What is the greatest common divisor of y and v?
13
Suppose -5*s = -3*i - 306, s - 3*i = 32 + 46. What is the highest common divisor of s and 1216?
19
Let y be (7 + 243 - -4)/2. Suppose -p + 384 + y = 0. What is the greatest common divisor of 73 and p?
73
Let i(p) = -p**3 - 23*p**2 - 52*p - 843. Let x be i(-23). What is the highest common divisor of x and 68129?
353
Suppose 102*t + 831 = -1821. Let n(v) = 57*v**2 - 1. Let s be n(-1). Let h = t + s. What is the greatest common divisor of 20 and h?
10
Let x = 171 - 142. Let i = -24 + x. What is the highest common divisor of 15 and i?
5
Let r be (46 + -30)/((-16)/(-12)). Calculate the greatest common divisor of 1524 and r.
12
Suppose -3*s - 5 = -26. Let f(y) = -y**2 + 7*y + 3. Let u be f(s). Suppose -5 = -3*w + 5*n, 0*n + n = w - u. What is the greatest common factor of 15 and w?
5
Let y(i) = 5*i**2 + 24*i - 5. Let z be y(-5). Suppose -51 = -z*q - q + 3*x, 2*x = -4*q + 134. What is the greatest common divisor of 9 and q?
9
Suppose 166*p - 51*p - 3220 = 0. Suppose 4*d + 5*f - 102 = 0, 2*d - f = -0*d + 58. Let r be 2/(-8) - (-3927)/d. What is the highest common divisor of p and r?
28
Suppose 3*q + 133*s = 131*s + 444, -3*s = 5*q - 742. Let h = 3 + -3. Suppose -4*c + 47 + 29 = h. What is the greatest common factor of c and q?
19
Let q(o) = o. Let u be q(3). Suppose 0 = u*p - 0*p - 180. Suppose -2*h = 5*w - 56, w - 15*h = -10*h + 22. Calculate the greatest common divisor of w and p.
12
Let a(q) = -3*q - 32. Let h be a(-9). Let o be 35 + (-8)/(10/h). Calculate the greatest common divisor of 312 and o.
39
Let j be 1116/(-294)*-7*147. Calculate the highest common factor of 36 and j.
18
Suppose -35 = 5*r + 4*s, -14 = 2*r + 4*s - 8*s. Let q be r/42 - (-14)/12. Let u be (2 + -5)/(q/(-19)*3). What is the highest common divisor of u and 19?
19
Let q(v) = 15*v + 99*v**2 - 98*v**2 - 63 - 3. Let b be q(-19). What is the highest common divisor of b and 16?
2
Let m be 496/12*180/48. What is the highest common divisor of m and 7?
1
Suppose 1479 - 6696 = -354*p + 5403. Let q(z) = 10*z**2. Let t be q(-9). What is the greatest common factor of p and t?
30
Suppose -10*x + 10*x = 50*x - 45900. What is the highest common factor of 238 and x?
34
Let i be (-107900)/(-200) - 9/((-108)/(-6)). Let c(p) = -p**2 + 7*p - 1. Let m be c(4). Calculate the highest common factor of m and i.
11
Suppose -v + 485 = -3*s, 0 = -2*v + 3*s + 218 + 761. Let x = 498 - v. What is the highest common factor of 148 and x?
4
Let n(x) be the first derivative of x**3 - 17*x**2/2 + 14*x + 101. Let q be n(8). Calculate the highest common divisor of q and 10.
10
Let r be (-7 + 3/(12/(-4)))*-1. Suppose -4*n - 4*g = n - 40, -3*g = n - r. Suppose 5*o - 80 = -0*o. What is the greatest common factor of o and n?
8
Suppose 15*i = 14*i - 2*c + 49, -2*i + 2*c = -86. What is the highest common factor of 585 and i?
45
Suppose -m = -5*c - 0*m + 6, -4*c - 4 = -3*m. Suppose 0 = -2*v + c*g + 226, -5*v - 9*g = -12*g - 573. What is the greatest common factor of 27 and v?
9
Let c = -33225 + 33405. What is the greatest common factor of c and 5190?
30
Let l be ((0 - -1) + 3)*(-10)/(-8). Suppose 3*b - 73 = 10*q - 11*q, -l*b = -3*q - 131. Let v = -4 - -9. Calculate the highest common divisor of v and b.
5
Suppose 1486*l - 1438*l = 9504. What is the greatest common divisor of l and 891?
99
Let z = -30775 - -31771. Calculate the greatest common divisor of z and 2241.
249
Suppose -89*m - 46130 = -131570. What is the highest common divisor of m and 4?
4
Suppose 3*g - 2*g - 3*b + 0 = 17, 7*b = 0. Calculate the greatest common divisor of g and 425.
17
Let l = -97296 - -97299. Suppose -3*u = -6*u + 24. What is the greatest common divisor of l and u?
1
Let q(u) be the second derivative of u**5/20 + 11*u**4/12 + 7*u**3/3 + 4*u**2 + 15*u. Let o be q(-9). Calculate the greatest common divisor of 352 and o.
44
Let m = -3997 + 6433. Calculate the highest common factor of 84 and m.
84
Suppose 56 = -5*y + 176. What is the greatest common divisor of y and 2360?
8
Let q = 13309 - 11216. Calculate the highest common factor of q and 39.
13
Suppose -1 = c - 6. Suppose c*a - 80 + 25 = 0. Suppose 8*h - a = 141. Calculate the greatest common factor of h and 171.
19
Let t(k) = -347*k + 3252. Let g be t(8). What is the highest common factor of g and 840?
28
Let b be (45/18)/(17/31110). Calculate the highest common factor of b and 225.
75
Suppose 124 = 3*u + 4*v, -54*u + 49*u + 205 = 5*v. Suppose -21*z = -20*z - 8. What is the highest common divisor of z and u?
8
Let m = 3495 + -3461. Calculate the highest common divisor of 2482 and m.
34
Let u(q) = -6*q**3 - 6*q**2 - 9*q - 18. Let h be u(-3). Calculate the highest common divisor of 72 and h.
9
Suppose 3023 + 10611 = 802*a. Suppose 995 = 2*c - 0*c + 3*h, 4*c = -4*h + 1984. Calculate the greatest common divisor of a and c.
17
Let d = -137 - -281. Let j(c) = -2*c**2 + 32*c - 18. Let g be j(15). Calculate the highest common divisor of d and g.
12
Let v = 2723 - 1841. What is the greatest common factor of 12 and v?
6
Suppose -3*h - 12*k + 13*k = -52, 132 = 5*h + 4*k. Calculate the highest common factor of h and 8780.
20
Suppose 2*h - 7*h = -y + 346, y - 322 = -h. Suppose 578*s = 620*s + 9030. Let d = y + s. What is the greatest common divisor of 74 and d?
37
Let d(i) = 5*i**2 + 6*i + 6. Let o be d(-4). Let a(c) = -31*c**3 - 7*c**2 - 5*c + 2. Let t be a(-1). What is the greatest common factor of o and t?
31
Let o(t) = -50*t + 119 + 71*t - 8. Let f be o(9). What is the highest common factor of 60 and f?
60
Suppose -4*o = 4*o - 280. Let r = o - 17. Suppose 2*d = 5*k - 110 + r, 12 = k - 2*d. Calculate the highest common factor of k and 20.
20
Let i(a) = -2013*a**3 + 18*a**2 + 24*a - 7. Let j be i(-2). What is the highest common factor of 147 and j?
49
Suppose 516*v - 521*v + 144 = -l, 3*l = -12. Calculate the greatest common factor of 62 and v.
2
Let v be -3 + -2 + 41 + (-27)/(-9). Let x = -43 - -82. What is the greatest common divisor of v and x?
39
Let n be 900/16 + (-81)/36. Suppose -5*v + 26 = -2*l - 86, v + 2*l = 20. Suppose -v = -2*y + 86. What is the greatest common divisor of n and y?
54
Suppose 7*d + 13*d - 100 = 0. Suppose 4*w = o + 981, -d*o + 125 = -w + 394. Calculate the greatest common factor of w and 61.
61
Let w be 16/((-372)/94 - -4). Suppose 4*l + 148 + w = 0. Let m = l - -199. Calculate the highest common divisor of 51 and m.
17
Let g be (6 - 3)*(18 - (18 + -396)). Calculate the greatest common factor of 231 and g.
33
Suppose 502 = -41*j + 4274. Calculate the greatest common divisor of j and 598.
46
Let u be (-1471)/(-2) - (-40)/(-80). Calculate the greatest common divisor of 315 and u.
105
Suppose -820 = -7*z - 64. Let m(u) = -2*u**3 + 22*u**2 - 18*u + 64. Let i be m(10). Calculate 